?
1
Suppose 0 = 6*w - 30, 71*w = 3*i + 67*w - 64. Calculate the highest common divisor of 9 and i.
1
Let r = -36 + 59. Calculate the greatest common divisor of r and 943.
23
Let z be 180/16 + 0 + (-4)/16. Calculate the highest common divisor of 649 and z.
11
Let f(z) = 6*z**2 - 2*z - 2. Let d(l) = 1. Let g(h) = -d(h) + f(h). Let o be g(-6). What is the greatest common factor of o and 45?
45
Let l(c) = c**3 + 31*c**2 - 50*c + 54. Let f be l(-32). What is the highest common divisor of f and 40?
10
Suppose -4*x + 2*d + 297 - 53 = 0, -2*d - 116 = -2*x. Suppose -3*v - v = -3*h - 86, h - 38 = -2*v. What is the greatest common factor of v and x?
4
Suppose 0 = -5*u - 4*m + 15, u - 19 = -2*m - 16. Calculate the highest common factor of 381 and u.
3
Let s = 5312 - 3495. What is the greatest common divisor of 46 and s?
23
Suppose 0 = -8*c + 21*c. Suppose 0 = 4*p - 4, -5*t + 3*p + 104 + 203 = c. What is the highest common factor of t and 31?
31
Let l be ((3 - 2) + 2)*2/(-2). Let c = 129 - l. What is the highest common factor of 12 and c?
12
Let z be (-2576)/(-52) + 8*(-3)/(-52). Calculate the highest common factor of z and 194.
2
Suppose 59*q = 63*q - 44. Suppose -q*l + 173 = -223. Calculate the highest common factor of 12 and l.
12
Let c(f) = f**3 + 4*f**2 + 5*f + 4. Let b be c(-3). Let z be (b/3)/(8/(-1296)). Calculate the highest common factor of z and 4.
4
Suppose 2*u = u. Suppose i + 5*i + 498 = u. Let v = -55 - i. What is the highest common divisor of v and 14?
14
Let z = 685 - 675. Let u(m) = 2*m**2 + 20*m - 32. Let i be u(-19). Calculate the highest common factor of z and i.
10
Let h = 174 - 170. Suppose 4*n = r - 160, -2*r - h*n = -r - 144. Calculate the greatest common divisor of r and 16.
8
Let b = 342 + -57. Suppose -w + 9 = 5*a, -3*w + a + 3*a = -65. What is the highest common divisor of w and b?
19
Let h = -38 + 40. Let k(z) = 80*z**3 + 7 + 9*z - 2*z**2 - 81*z**3 + 11*z**h. Let o be k(9). Calculate the greatest common divisor of o and 11.
11
Suppose 32*w - 6787 = -259. Let n(s) = -192*s - 20. Let z be n(-4). Calculate the greatest common factor of w and z.
68
Suppose -2*c + 4*b - 376 = 0, -8*b = 2*c - 5*b + 348. Let v = c + 271. What is the greatest common factor of 39 and v?
13
Suppose -4*f + f - 142 = 4*p, 181 = -5*p - 2*f. Let t be 15*(p/(-10) - 2/(-4)). Calculate the greatest common divisor of 189 and t.
63
Suppose -5*z - 72 = 4*v + 48, -3*z = 3*v + 75. Let f be 2*(-16)/z*15/6. Suppose -f*w + 55 = -25. Calculate the highest common divisor of 15 and w.
5
Let h be 1/(2/(-52)*-2). Suppose -a - 5*b + 14 = -27, 22 = 6*a + 2*b. Calculate the greatest common factor of a and h.
1
Suppose -790*w = -858*w + 432140. What is the highest common divisor of w and 287?
41
Suppose 0 = v - 3*s - 23, -2*v - 43 = -4*v + 3*s. What is the highest common factor of v and 7300?
20
Let j be 170*4/16*188/10. Let l = j - 351. Let b(k) = k**3 - k**2 + 2*k. Let r be b(4). What is the highest common divisor of l and r?
56
Let b(t) = t**2 + 3*t + 5532. Let x be b(0). Suppose -1485 = -f + 4*j, 4*f - x = 2*j + 352. What is the greatest common factor of f and 13?
13
Suppose 49*b + 190*b - 2*b = 2607. Calculate the highest common factor of b and 649.
11
Let g = -49 + 51. Suppose 4*f = g*f + 144. Let s = -15 + 23. Calculate the highest common divisor of s and f.
8
Let o(d) = -d**2 + 42*d - 78. Let p be o(40). Let k be (-1)/(-1) + p + (-5 - -4). Calculate the greatest common factor of 47 and k.
1
Suppose 159*u + 403 - 6108 = 3199. Let k be (-37)/(1/8*-2). Let x = k + -8. What is the greatest common divisor of x and u?
28
Let t = -409 + 438. Suppose -5*x - 9 = 4*g, 4*g - 3*x = t + 2. Calculate the highest common factor of 26 and g.
2
Let b(v) = -2*v + 295. Let h be b(81). Calculate the highest common factor of h and 1349.
19
Let v = 14532 - 9157. Calculate the highest common factor of v and 129.
43
Suppose 5*v + 35 = 0, -5*v = 6*f - 7*f + 301. What is the greatest common divisor of f and 1178?
38
Let z(u) = u**2 - 51*u + 295. Let a be z(6). Suppose -k - 775 = -6*k. What is the greatest common divisor of k and a?
5
Suppose -3*a + 180 = 168. Suppose 0 = a*n - 2*p - 46, -5*n + 5*p = -n - 43. Let w be 264/32*1*n. What is the highest common factor of w and 9?
9
Let d(y) = 4*y**3 - 51*y**2 + 35*y + 105. Let j be d(12). Let v(i) = i**3 - 4*i**2 - i + 5. Let p be v(4). Calculate the greatest common divisor of p and j.
1
Let l(c) = 52*c + 1301. Let x be l(-25). Suppose 0 = 2*f - 18 + 2. What is the highest common factor of x and f?
1
Let r(d) = -2*d + 164. Let f be r(-7). Suppose f = -3*v + 187. What is the highest common divisor of v and 237?
3
Let g = 6340 + -6274. What is the greatest common factor of 228 and g?
6
Let b be (-1020)/(-57) - 26/(-247). Suppose -b - 78 = -16*d. Calculate the highest common divisor of 354 and d.
6
Let h = -968 - -1017. What is the highest common divisor of h and 581?
7
Let n be 4338 - (-5 + 1) - (6 - 80/8). What is the highest common divisor of 159 and n?
53
Suppose -5*w - 20 + 55 = 0, -2*w + 322 = 4*d. Calculate the highest common divisor of d and 209.
11
Let b(a) = -66*a + 9808. Let w be b(148). What is the highest common divisor of w and 7792?
8
Suppose -t + 8 = -4*c - 24, -2*c = t + 4. Let r(z) = -9*z**2. Let j be r(1). Let i = 63 - j. Calculate the greatest common factor of i and t.
8
Suppose 3*b + 6 = 132. Let i be (-11)/2*(-6916)/2717. What is the highest common factor of i and b?
14
Suppose 0 = d - 3*i - 103, 3*d - 12*i + 8*i = 324. What is the highest common factor of d and 1162?
14
Let p be (-32)/4 + -1 + -277. Let z = 296 + p. Let i(j) = 2*j**2 + 4*j + 4. Let c be i(-4). Calculate the greatest common factor of z and c.
10
Suppose 3*g - 13191 = 4999 + 12968. What is the highest common factor of g and 36?
18
Let z(o) = -5*o - 135. Let n be z(-24). Let r be 50/n*81/(-6). Calculate the highest common factor of r and 99.
9
Let i(v) = 6*v**2 + 3*v + 8. Let b be i(10). Let q = -2337 + 2366. What is the highest common divisor of q and b?
29
Let a = -17289 - -17294. Suppose h + 17 = 4*x - 4, -4*x + 5*h + 25 = 0. What is the highest common divisor of a and x?
5
Suppose 5*b - 20 = 0, 2*b = -3*m + 7 + 22. Suppose 2*u + 2*u = -40. Let i be (-4)/u - (-68)/5. Calculate the greatest common factor of i and m.
7
Let f = -24755 + 35674. Calculate the highest common factor of f and 61.
61
Suppose 7*o - 84 = -p + 11*o, p - 93 = -5*o. Calculate the greatest common divisor of p and 416.
8
Suppose 53*q - 2*r = 57*q - 16040, 2*q - 4*r - 8010 = 0. Calculate the greatest common factor of 19 and q.
19
Let m(y) = 42*y - 278. Let g be m(7). What is the highest common factor of 216 and g?
8
Let z = 98 - 184. Let m = -83 - z. Suppose 0*d = -m*d + 189. Calculate the highest common factor of d and 9.
9
Let f = 251 - 267. Let c be (-622)/f*1 + 33/264. Calculate the highest common factor of c and 65.
13
Let v = -95 + 108. Suppose -9*w = -v*w + 208. Calculate the highest common divisor of 13 and w.
13
Let n(f) = -2*f**3 - 16*f**2 - 97*f - 165. Let p be n(-4). What is the highest common divisor of p and 40?
5
Let t(m) = -9*m - 10*m + 3*m - 25 + 0*m. Suppose -40 = -w + 5*w - 3*u, 2*u - 36 = 4*w. Let q be t(w). What is the greatest common divisor of 29 and q?
29
Suppose -2*b + 342 = 4*x, -11*b - 186 = -12*b - 5*x. Calculate the highest common factor of b and 252.
7
Let f be (74 - -1)/(-1 - -2). Let k(u) = u**2 + 940*u - 66261. Let o be k(66). What is the greatest common divisor of f and o?
15
Suppose 13*j + 120 = -3*z + 10*j, 2*z + 90 = 3*j. Let y = 101 - z. What is the greatest common divisor of 26 and y?
13
Let f(v) = -62*v - 27. Let d be f(-1). Let h = 292 + -12. Calculate the highest common divisor of h and d.
35
Suppose -86*j = -81*j - i - 1198, 0 = -4*j + 3*i + 954. Calculate the greatest common factor of 570 and j.
30
Let t = -20 + 39. What is the highest common factor of t and 4750?
19
Suppose -155 = -8*d + 453. Let c be 448/d + (-12)/(-114). Calculate the highest common divisor of 78 and c.
6
Let o be 3*8/(-6)*(-14)/8 + -1. Let c be (1 - 141/15)*-5. Calculate the greatest common divisor of c and o.
6
Suppose 137 = -i + 151. Let v be (3/12)/(0 - (-4)/32). Calculate the highest common divisor of i and v.
2
Let d(c) = c - 31. Let g be d(6). Let l = -69 - g. Let p = -20 -